 = 2*p**3 - 28*p**2 + 36*p - 501. Let a be c(14). Let f(t) be the second derivative of 1/6*t**4 + t - 1/3*t**a + 0 + 3/2*t**2. Give f(2).
7
Let t be ((-4)/28)/(33/(-693)). Let q(x) be the first derivative of -20 - t*x - 3/2*x**2. Give q(-6).
15
Let g(l) = 42*l + 293. Suppose 581*a - 140 = 601*a. Determine g(a).
-1
Let m(x) = x**3 + 2*x**2 - x + 1. Suppose -2*p = p - h - 15, 3*h + 10 = 2*p. Suppose p = 5*r - 20. Suppose r*q - 23 = -38. Determine m(q).
-5
Let r(h) be the third derivative of h**5/30 - 13*h**4/8 - 43*h**3/6 - 1329*h**2 + 2*h - 1. Determine r(20).
-23
Let x(w) be the third derivative of w**4/24 + 7*w**3/3 - 3*w**2 - 7. Let s be ((-4)/(-6))/((-1)/18). What is x(s)?
2
Let j(f) be the third derivative of f**5/60 + 3*f**4/2 - 77*f**3/6 - 150*f**2 + 8*f. Give j(-38).
-1
Let o(h) = -33 - h + h**3 - 13*h**2 + 9*h**2 + 89 + 11*h**2. Give o(-8).
0
Let l(x) be the third derivative of x**7/560 - x**6/720 - x**5/4 + 16*x**2. Let f(a) be the third derivative of l(a). Let u = 158 + -159. Calculate f(u).
-10
Let i(q) = -28*q + 6 + q**2 + 70*q - 52*q. Let v(u) = -u + 4. Let l be v(-6). What is i(l)?
6
Let f(y) = -32*y**2 + 7 - 5 + 20*y**2 + 14*y**2 - 3*y + 35*y**3. Calculate f(1).
36
Let n be (-24)/(-16)*-10*3/(-9). Let l(y) be the first derivative of -1/4*y**4 + 2*y + 4/3*y**3 + 3/2*y**2 - 22. What is l(n)?
-8
Let f(b) = -12*b - 5. Let q(k) = -5*k - 2. Let c(i) = 3*f(i) - 7*q(i). Suppose 27*u = 21*u + 480. Let y = -78 + u. What is c(y)?
-3
Let m(f) = -5*f - 5. Suppose -s + 131 = 141. Let y be (-4 + 3)/((-2)/s). Calculate m(y).
20
Suppose r + 96 = 100. Let o(h) be the first derivative of r*h + 1/3*h**3 - 19 + 2*h**2. What is o(-5)?
9
Let z(a) = 2*a**3 + 17*a + 18*a - 23 + 2*a**2 - a**3 - 2*a**3 - 16*a. Calculate z(5).
-3
Let l(s) = s - 61. Let c(v) = v - 81. Let z(r) = 4*c(r) - 5*l(r). Calculate z(0).
-19
Let f(k) = 3*k**3 + 2*k + 2. Let d(g) = 25497*g**2 - 25496*g**2 + 52 + 16 + 26*g. Let s be d(-23). What is f(s)?
-3
Let w = -7906 - -7916. Let v(d) = d**3 - 11*d**2 + 15*d - 18. Calculate v(w).
32
Let q(p) = -6*p - 3 - 153*p**2 + 152*p**2 + 11. Determine q(-11).
-47
Let y(s) = -5*s - 9*s + 1557 - 1553 + s**2. Let d be 6/4 - (-125)/10. What is y(d)?
4
Let q(x) = x**3 - 6*x**2 + 6*x - 4. Let c = -105 + 110. Let w be q(c). Let p(z) = 7*z**3 + 2*z**2 - 2*z + 1. Give p(w).
8
Let u(f) be the second derivative of -f**5/20 + 5*f**4/12 - f**3/6 - 3*f**2/2 - 2*f + 554. Give u(5).
-8
Let z(t) = 2*t**2 + 10*t - 10. Suppose -22*s = 21*s - 21451 + 21881. Calculate z(s).
90
Suppose -1146 = 39*c + 375. Let d(l) = -l**2 - 41*l - 78. Determine d(c).
0
Suppose 127 = 5*n + 3*v, 11*v - 13*v = -n + 41. Let h(c) be the first derivative of -2*c - 7/2*c**2 + 1/3*c**3 + n. What is h(6)?
-8
Let d = -7483 + 7489. Let n(a) = -a**3 + 7*a**2 + 6*a - 20. Give n(d).
52
Let y be -6 - (-456)/(-18) - 36/54. Let n(l) = l**3 + 31*l**2 - 34*l - 64. Give n(y).
0
Let a(i) = -i**3 - 10*i**2 - 18*i - 4. Let h be a(-8). Let n(t) = -t**2 + 13*t - 25. Determine n(h).
-13
Let a(i) = 15 + 155*i**2 + 11*i - 35*i**2 - 45*i**2 - 35*i**2 - 39*i**2. Let t(b) = -b**3 + 3*b**2 + 5*b - 14. Let g be t(4). Give a(g).
5
Let f(a) = 10*a**3 + 2*a - 1. Let s(c) = -c**2 - 33*c - 183. Let x be s(-26). Let j(v) = -2*v**3 - v. Let m be j(-1). Let t be x*(m + (-3 - 1)). What is f(t)?
11
Let m(d) = 30*d**2 - 8*d - 11. Let q(o) = -2*o**2 + 2*o + 1. Let r(l) = -m(l) - 4*q(l). Let h(s) = 18*s**2 + s - 6. Let w(z) = -4*h(z) - 3*r(z). Give w(2).
-29
Suppose 6*h = h + 20. Suppose -5*u - 105 = -h*p, -p + u = 6*u + 5. Suppose -9*w + p = -16. Let b(i) = 3*i + 5. Calculate b(w).
17
Let a(c) = c**2 + 187*c - 3*c**2 + 3*c**3 + 0*c**3 - 182*c - 5*c**3. Determine a(-4).
76
Let h(t) be the third derivative of -t**6/120 - 2*t**5/15 - 7*t**4/12 - 4*t**3/3 - t**2 - 752*t. What is h(-7)?
41
Let q(u) = 24*u - 72. Let s be q(3). Let g(x) be the second derivative of 0 + 1/12*x**4 - 1/6*x**3 - x**2 - 17*x. Determine g(s).
-2
Let t(d) = d**2 - d - 4. Suppose 23*n = 18*n + 125. Suppose 43*l - 48*l + n = 0. Determine t(l).
16
Let w(g) = g**3 + 4*g**2 - 6*g - 5. Suppose -3*f - 21 = -3*y, 0 = -2*y - 3*f + 26 + 3. Let j be (y/(-3))/2*(-39)/(-13). Give w(j).
0
Let o be ((-6)/21)/(3/(-42)). Suppose -4*f - 5*a - 12 = 0, -4*f - o*a - 24 = f. Let j(n) = -2*n**2 - 11*n + 4. Give j(f).
-36
Let b(f) = 26*f**2 + f - 57*f**2 + 20*f**2 + f + 166 - 162. Give b(-2).
-44
Let x(n) = n**3 + 2*n**2 + 7. Let q = 43 + -46. Let i be x(q). Let m(a) be the first derivative of 2*a**3/3 + 2*a**2 + 2*a - 3. Calculate m(i).
2
Let v(i) be the first derivative of -7*i**3 + 5*i**2/2 - 3*i + 902. Calculate v(2).
-77
Let u(b) = 0*b + b - 5 + 0*b + b. Let x(h) = h**3 + 18*h**2 - 213*h + 49. Let f be x(8). Give u(f).
13
Let d(s) = -s**2 + 2*s - 27. Suppose 160 = -3*l + 7*l + 28*l. Determine d(l).
-42
Let p(j) = -j**2 - 10*j + 1. Let z(l) = 12*l - 550. Let g be z(45). What is p(g)?
1
Let v(l) = l**2 - 6*l + 10. Let r be v(4). Suppose -n + 54 = 15. Let k(o) = -8*o + o**3 - n*o**2 + 7 + 95*o**r - 49*o**2. Calculate k(-8).
7
Suppose -4*u = -75 + 11. Suppose -u = 4*z, 4*h - 4*z = -6*z - 12. Let t(n) = 6*n**3 + 3*n + 2. Let g be t(h). Let l(q) = q**2 + 6*q - 4. Determine l(g).
3
Let j = 108 - 106. Suppose 0 = -5*k, -k + j + 6 = -g. Let r(s) = -s**2 - 8*s + 11. Determine r(g).
11
Let r(c) = c**3 - 4*c**2 + 6*c - 10. Let q(u) = u**2 - 10*u - 1415. Let j be q(-33). Calculate r(j).
14
Let g(b) = -32*b + 23. Let v(y) = 35*y - 27. Let r(t) = 7*g(t) + 6*v(t). Calculate r(-8).
111
Suppose 2 + 43 = -9*d. Let s(a) = -238*a - a**2 + 1 + 229*a - 3. What is s(d)?
18
Let o = -74 + 97. Suppose -5*v - 2*d - 2*d + o = 0, -3*v + 2*d + 5 = 0. Let y(p) = 4 + 0*p + 2*p + 2*p**2 - v - 5*p. Determine y(2).
3
Let d(x) = 2*x + 3. Let g(q) = q**2 - 8*q - 4. Let w(z) = -2*d(z) - g(z). Determine w(4).
-2
Let k(r) be the first derivative of r**5/60 + 7*r**4/24 - r**3/3 + 157*r**2/2 + 143. Let o(f) be the second derivative of k(f). What is o(-4)?
-14
Let r(s) = -1519*s - 184 + 520*s + 464*s - 31 + 463*s. What is r(-3)?
1
Let o(k) = k**3 + 2*k**2 + 3*k + 4. Let a(i) = -2*i - 284. Let w be a(-10). Let m = w + 261. What is o(m)?
-14
Let s(a) = a**2 + 13*a - 8. Let q be 0 - 122/(-6) - 7/21. Suppose -8*p = 124 - q. What is s(p)?
-8
Let c(v) = 2*v**2 + 8*v + 7. Let w(j) = 2*j**2 + 9*j + 8. Let a(g) = -4*c(g) + 3*w(g). Suppose -17680 + 17611 = 23*o. What is a(o)?
-7
Let s(l) = -4*l + 48*l - 5*l - 2 - 10*l - 28*l. Suppose 2*f - 4*f - 4 = 0. Determine s(f).
-4
Let j(a) = 118*a - 2953. Let h be j(25). Let x(b) = b**3 - b**2 + 6*b + 4. Determine x(h).
-50
Let i(q) be the second derivative of -1/6*q**3 - 81*q + 1/12*q**4 + 0*q**2 + 0. Determine i(-1).
2
Let x(a) = a**3 - 55*a**2 + a - 59. Let s(g) = 16*g**2 + 69*g + 129. Let w be s(-2). Calculate x(w).
-4
Let f(b) = 28 + 157*b + 243*b + 130 - 389*b. Give f(-14).
4
Let s(u) = -u**2 + u - 19. Let x(l) = 2*l**2 - 2*l + 37. Let c(o) = 7*s(o) + 4*x(o). Suppose 33*d = 20*d. What is c(d)?
15
Let u(x) = -310*x + 199*x - 44*x**2 + 22*x**2 - 177 + 24*x**2. Give u(57).
-6
Let n(a) be the second derivative of a**3/3 - 21*a**2/2 + 1519*a + 2. Determine n(-12).
-45
Suppose 0 = -4*c - 9 - 7. Let x be c/(0 + 1/2). Let p(a) = 8*a**2 + 16490 + a**3 - 8162 - 8318 + a. Give p(x).
2
Let u(q) = 15*q**3 - 76*q**2 - 20*q + 120. Let w be u(5). Let a(r) = -6*r - 36. Calculate a(w).
-6
Let c(v) = -6*v - 79. Let h = -22375 + 22363. Give c(h).
-7
Let u(s) = -9*s - 1. Let i = 3605 - 3604. Give u(i).
-10
Let t(b) = -3*b**3 + b**3 + 1079*b**2 + 11*b + b**3 - 1075*b**2 + 0*b**3 - 8. Give t(6).
-14
Let h = -7326 + 7322. Let b(s) = 6*s - 17. Give b(h).
-41
Let m(j) = -119*j**2 + 7*j - 3. Let d(p) = 298*p**2 - 15*p + 7. Let y(x) = 2*d(x) + 5*m(x). Let c = -9 + 4. Determine y(c).
-1
Let s(z) = -z**2 + z - 6. Suppose 10 - 18 = -2*a + 3*n, 0 = 2*a - 5*n - 8. What is s(a)?
-18
Suppose 121 + 53 = 3*d. Let f = -25 + d. Suppose -f + 57 = 4*q. Let s(w) = -w**3 + 6*w**2 + 2*w - 8. Determine s(q).
4
Suppose 0 = 4*p - 16, -5*p + 20 = -5*w - 0*p. Let v(l) = -l**2 - 1 + w*l**2 + l + l**2 + l**2. Suppose 3*k + 4*g = -1, 1 = -4*g - 3. Give v(k).
1
Let t be 6/(-14) + (-17)/(-7). Let o(w) = -2*w**3 + w - 13. Let m(q) = -q**3 - q**2 + q - 9. Let p(i) = t*o(i) - 3*m(i). Determine p(4).
-19
Let g = 341 - 699. Let f = g -